 (94 - 48 - 3)?
21
Calculate 24 + -6 - ((85 - 84) + -8 + 0).
25
What is 48 + -15 + -36 + 21?
18
Calculate -16 - (4 + -29) - (25 - 15).
-1
Calculate (-42 - (38 + -13 - 137)) + -36.
34
What is the value of -76 + -1 - (-613 + 617 + -7 + 0)?
-74
What is (-185 - -162) + (0 - (-1 - 140))?
118
Calculate (3 - (5 - 23)) + -73 - (4 + -9 + -2).
-45
What is the value of -66 - (4 + 5 + -8 + -5 - 6)?
-56
What is the value of -50 + (-98 - -61) + 62?
-25
(-12 - -42 - 27) + 19 - 93
-71
-24 - (-25 + 9) - (-66 - -42)
16
22 + 12 + 11 + -16 + -1
28
What is -21 + -16 + 23 - (44 + -3 + -1)?
-54
(-42 - -44) + (-2 - (-96 + 17 + -15))
94
19 + (30 + (11 - 19) - -2)
43
Calculate -4 + 14 + -5 + 2 + -4 + 8.
11
What is (48 - 29) + -17 + 47?
49
What is the value of (-101 - (-88 + -15)) + (-2 + 4 - -44)?
48
What is (13 - 19 - -8 - 37) + (13 - (23 - 9))?
-36
What is (-2 - 17) + 483 + -432 + 0?
32
Evaluate 52 + (12 - 100) + 34.
-2
Evaluate -16 + 25 - (14 + 60 + -14).
-51
Evaluate -10 + 0 + 25 + 14 + 30 + -7.
52
What is (-157 - -86) + 10 + -1 - (1 + (-9 - 2))?
-52
What is 6 + -9 + 2 + 0 + 10 - (-46 + 107)?
-52
What is -55 - 3 - ((1 - 16) + 16 - -3)?
-62
3 + 1 + -60 + (-99 - (118 - 206))
-67
Calculate -2 + (-11 - -6) + (-11 - (-67 - 3)).
52
Evaluate (-68 - -19) + (13 - -27).
-9
What is the value of 2 + 18 - (-17 + -4 + 8 + -4)?
37
What is the value of 88 + -2 + (-5 + 12 - 5) + (0 - -10)?
98
What is -54 - (-74 + 15) - (49 + -3)?
-41
Evaluate 3 + -44 - (-7 - (-5 - 18) - -7 - 23).
-41
Calculate -149 - (-14 + 12 + -7) - (16 + -34).
-122
What is the value of -1 + 0 + (0 - 12) - (-4 + 44 - 47)?
-6
What is the value of -14 + (9 - 4) - (-115 + 7 - -34)?
65
What is the value of (15 + 11 - 10) + -1 + 69 + 12?
96
What is the value of 54 + -45 + (8 - 22) + (3 - (-103 - 1))?
102
Calculate (-51 - -21) + 48 + 32.
50
Evaluate (5 - 1) + 0 + -17 + 4 - 0 - -1.
-8
Calculate 39 + -6 - (41 + -57 + -9).
58
Calculate 1 + -116 - (-62 + 59 - 14).
-98
What is (7 - 23 - -56) + -48?
-8
(33 - -2) + 71 + -82
24
Calculate 117 - (134 + -32) - (-37 + -1).
53
What is (3 - 5) + (16 - 28) - 12?
-26
What is the value of 3 - (28 + 1 + -22 - (12 + 4)) - -73?
85
Evaluate 0 + (6 + -22 - (1 + (4 - 2))).
-19
What is -34 + -26 + -4 - -117?
53
(28 - (-83 + 123)) + 35 + 2
25
What is 2 + 36 + (-10 + 30 - -2 - 26)?
34
14 - (39 + -21 + -14 - -14)
-4
-104 + -2 - (948 - 955)
-99
(1 - 19 - -5 - (26 + -9 + -4)) + 1
-25
What is (1 - 16) + -6 + 114 + -26?
67
What is the value of (122 - 61 - (3 - 0)) + -2 - -2?
58
What is 5 + 31 - (38 + -64) - -10?
72
17 - (-106 + 1 + 45 + (30 - 55))
102
-8 - 8 - -12 - (-11 - (-6 - -3 - -1))
5
1 + 22 + -33 + (-12 - (-4 + -1 + 2))
-19
What is -5 - (18 + (-14 - 9) - 37)?
37
What is the value of -4 - -18 - ((-30 - -33) + (5 - -1)) - 33?
-28
What is the value of (33 - 41 - -15) + 20 + (0 - -3)?
30
What is the value of (53 + -145 - -222) + -179?
-49
Calculate -7 + 0 + 2 + (3340 - 3378).
-43
Evaluate (3 - (83 + -58)) + 40.
18
-38 + 89 + -38 + 56 + -1 + 1
69
Evaluate 1217 - 1148 - (116 + 2).
-49
Calculate (-15 - -9) + 4 + -29.
-31
Calculate (-35 - 35) + (-5 + 0 - -6).
-69
What is the value of 63 + 0 + -2 - (62 - 73 - (-12 + 2))?
62
What is the value of 122 - (130 + (-3 - -69))?
-74
Calculate -286 + 254 - (2 + -57).
23
What is the value of -15 + 12 + 21 + 23?
41
What is the value of (-30 + 19 - -9) + (-2 + 7 + -5 - 25)?
-27
What is the value of -8 + (-15 - 0) - -41 - -29?
47
Evaluate 0 + ((-17 - 1) + 7 - -3) - -70.
62
Evaluate (157 - 75) + -88 + 51 + 2.
47
What is the value of (-23 - 0) + (12 - 22 - -25) + -29?
-37
What is the value of 12 + -75 + 97 + -1 + 3 + -10?
26
Evaluate (98 - (-104 + 216)) + -1 + -71.
-86
What is -51 - 1 - (-94 - (-12 - 52))?
-22
-7 + (-3 - 13) + -123 + 177
31
Calculate 65 - (-45 + (-9 - -147)).
-28
Calculate -38 + -3 + 1 + 0 + -5 + 9.
-36
What is the value of -16 - ((1 - 8) + -60 + 55) - 11?
-15
Calculate 7 + -5 + 6 + -3 + (-69 - -84) - -4.
24
Calculate 3 + -93 + 87 + (-3 - -56).
50
Calculate -50 - ((-11 - -8) + -9 + 25 + -10).
-53
(2 - 2 - 88) + (-26 - ((-5 - 0) + -16))
-93
67 - 54 - (11 + 0 - (-39 + 32))
-5
-104 + 118 + -83 + 44
-25
(0 - (0 + 18 + -9)) + 29 + 0 - 6
14
What is the value of 98 + -72 + -22 + -1 + 4 + 40?
47
What is the value of -356 + 497 + 34 + -190?
-15
Evaluate -62 + 1 + 21 + (-228 - -218).
-50
Evaluate -55 - (-149 - -24) - 159.
-89
Calculate -24 + 21 + ((-52 - -11) + 19 - -80).
55
What is the value of (-7 - (-63 - 20)) + 24?
100
What is 21 + 19 + 2 + -9 + 20 - -7?
60
Calculate 31 - ((41 - 52) + 33).
9
What is the value of 16 - ((4 - 18 - -1) + 48)?
-19
What is the value of -1 + -38 + (1136 - 1094)?
3
-60 + (60 - 5) + 67
62
What is 7 - (84 + -12) - (-16 + 8 - 2)?
-55
What is the value of -2 + 16 + -1 + -8 + 19 + -21?
3
What is the value of (25 - -85 - 84) + (-99 - -1)?
-72
-32 + 15 - (-59 + -37)
79
What is the value of 25 - 34 - -48 - 141?
-102
What is the value of 1 + 18 - (-17 + (44 - 3) - (16 + -1))?
10
Evaluate -241 + 241 + -2 + 21 - (-64 + 1).
82
Calculate 2 + -1 + 0 + 2 + -27 + (207 - 209).
-26
(23 + -11 - 7) + 2 + 9 - -67
83
Evaluate 124 - (34 + 27) - (18 + -1) - 12.
34
What is (-2 - (-59 - -75) - (-102 - 1)) + -2 + -7?
76
What is the value of -1 + -45 + 507 + -490 - 0?
-29
Evaluate 107 - (-103 - (-149 + -9)).
52
What is 2 + 3 + -46 + (77 - 70)?
-34
Evaluate -114 + 15 + 88 + -5.
-16
Evaluate (-1 - 10) + -375 + 393 + -18 + -50.
-61
Calculate (-34 - (16 + 4 + -70)) + (2 - 18).
0
What is 41 - (28 - -57) - -162?
118
What is 11 + -17 + 73 + (19 - 40)?
46
Calculate -67 - (185 - (-70 - -209)).
-113
Evaluate 15 + 5 - (-37 - -55) - (124 + -5 + -2).
-115
What is (-46 - -35) + 9 - (70 + (-1 - -6))?
-77
Evaluate -82 + (74 - 88) + 7 + (2 - -1) + -1.
-87
What is -56 - (-27 - (-55 - -118))?
34
Evaluate -10 + -8 + (-109 - -111).
-16
What is 39 + 11 + 1 + -25 + 8 + 5?
39
What is -24 - (-60 - -9 - 3)?
30
Calculate 0 - -13 - (72 + 18 - -3 - (4 - 2)).
-78
9 - 1 - ((-14 + 27 - 15) + -1)
11
What is 1228 + -1212 + (0 - -3 - -5)?
24
What is the value of -5 + 21 + -4 + -6 + 6 + -56?
-44
What is the value of 37 + 1 + (27 + 6 - 35 - (2 - 0))?
34
What is 84 - (60 + (9 - -99))?
-84
Evaluate 38 + -4 + 4 + 27 + -37 - 6.
22
What is -25 + 22 + 6 + -2 + (-1 - -78)?
78
What is 60 - 93 - (-7 - (5 + 0 - 4) - 0)?
-25
What is 144 - (-17 + 148) - (-2 - (-154 + -1))?
-140
Calculate (-4 - (3 + 0 - 11)) + 3 - (1030 - 1045).
22
Calculate -133 - (-214 + -73 + 202).
-48
What is -6 + 35 + -15 - 4 - 29?
-19
40 - ((26 - 35) + 7 + -9)
51
Evaluate -3 + (-1 - 12) - (8 + (106 - (-12 + 17))).
-125
(21 - 11) + (213 - 150) + -7
66
Evaluate 52 + (-88 - (-105 + -5)).
74
37 + 72 + -70 + -87
-48
Evaluate -86 - (3 + -4 + 2 + -2 + -718 + 714).
-81
Calculate (-29 - -5) + 37 + 12 + 1 + 6.
32
-26 + -4 + 102 + -35 + 8
45
What is the value of 60 + (47 - (5 + 76))?
26
What is -4 - (-33 + 22) - 17 - ((-3 - -2) + -2)?
-7
What is -6 - (-127 + 137 - (-26 - 2))?
-44
What is the value of 74 + (-136 - -64) + 1 + -64 + (-4 - -5)?
-60
What is (180 + -168 + -4 + 1 - 102) + 1 + -4?
-96
(-41 - 4) + 17 - 19 - (-7 - -28)
-68
Calculate -7 - (0 + 3 + -6 + 13 + -8 - 21).
12
What is -7 + (-29 - -50) - -23?
37
What is 25 + (3 - (33 + -31 - (5 - (1 - 2))))?
32
Evaluate 6 + (-24 - 42) - (-2 - (3 - (-3 - 2))).
-50
Evaluate -4 + (3 - (-7 - (-12 - -9))) + (-27 - -69).
45
Evaluate (-66 + 2 - -9) + -6 + (1 - 3).
-63
(1 - (7 + -13)) + -22 + 19 + -10 - 0
-6
(-1 - (-2 + (1 - -13))) + 6269 + -6224
32
-15 + (3 - 11) + -1 + 43
19
Calculate 8 - -4 - (23 + (-92 - -24)).
57
What is -18 - ((-91 - (2 - 18)) + -11)?
68
Calculate -28 - ((-51 - -45) + -9).
-13
Calculate (-9 - (-20 + -11)) + -13.
9
What is 6 + (-74 + -12 - -113)?
33
What is the value of 4 - -33 - (-342 - -350)?
29
Calculate -6 + -12 - (-12 - 8 - -8) - (0 - 66).
60
What is -9 + 4 + 2 + -8 - (-55 + 101)?
-57
Evaluate (49 - 113 - -51) + 36.
23
Calculate 13 + (11 - 30 - 4) + -64 + 22.
-52
What is the value of -30 + -1 - ((-10 + (-3 - -9) - -8) + -10)?
-25
Calculate (-3 - (-76 + 27)) + -75.
-29
What is the value of -1 + 75 - (5799 + -5696)?
-29
(-7164 - -7184) + (0 + -1 - (3 + -4))
20
What is -73 + -96 + 80 - -117?
28
Evaluate (12 + (4 - 16) - (8 + -25 - -7)) + -42.
-32
Evaluate (-24 - -32) + (13 + -6 - 35 - 6) + 4.
-22
Evaluate 0 + 7 - ((113 - 8) + -92).
-6
Calculate 222 + -198 - (0 - -24) - (0 + 1 